?
20
Let x(a) = -2*a**2 - 5*a - 3. Let j be x(-3). What is the remainder when (90/5)/(j/(-16)) is divided by 17?
14
Suppose 0 = -0*r + 5*r - 135. Calculate the remainder when r is divided by 10.
7
Let y(v) = 3*v**2 + 17*v + 2. Suppose 4*t = 64 + 24. Calculate the remainder when t is divided by y(-6).
6
Suppose -5*w + 85 = -80. Calculate the remainder when w is divided by 17.
16
Suppose 8*p - 35 - 85 = 0. Calculate the remainder when 27 is divided by p.
12
Let z = -10 - -18. Calculate the remainder when z is divided by -5 - (-1)/(6/48).
2
Suppose -5*o + 3*o = -72. What is the remainder when 104 is divided by o?
32
Suppose -g + 15 = -t + 4*t, 0 = -3*g - t + 69. Let m(u) = -u**2 - 9*u + 1. Let o = -1 + -7. What is the remainder when g is divided by m(o)?
6
Let w(o) = -o**3 - 27*o**2 - o - 24. Let c be w(-27). Suppose 0*t = t - 5. Suppose 6*b = t*b + c. What is the remainder when b is divided by 2?
1
Let j = -10 + 14. Let t(y) = 6*y + 1. What is the remainder when t(2) is divided by j?
1
Suppose -g - g = -4. Let j be (-4)/(-14) - g/7. Suppose -3*x + 15 = 2*f, j = -4*f + 3*x - 0*x + 3. Calculate the remainder when 7 is divided by f.
1
Suppose -2*y + 28 = -0*y. Let u(q) = q**3 + 11*q**2 - 10*q - 7. Let k be u(-11). Let m = k - 49. What is the remainder when m is divided by y?
12
Let n = 10 - 5. Suppose -j = -2*v + 5 + 22, -n*j = v - 41. Let d = 112 + -65. What is the remainder when d is divided by v?
15
Let t(p) = p**3 + 6*p**2 + 4*p + 7. Let d be t(-5). Suppose r - 3*r - d = 0. Calculate the remainder when 31 is divided by 38/4 - r/4.
9
Let b(q) = -2*q**2 + 3*q - 4. Let n = 12 + -9. Let y be b(n). Let s = y - -24. What is the remainder when 31 is divided by s?
9
Suppose 8*h - 30 = 6*h. Let q(k) = k**3 + 3*k**2 - 4*k + 5. Let s be q(-4). Suppose 0 = s*n + 3 - 218. What is the remainder when n is divided by h?
13
Let h(t) = -t**3 - 10*t**2 + 10*t. What is the remainder when h(-11) is divided by 4?
3
Let u(w) = -8*w + 9. What is the remainder when 101 is divided by u(-1)?
16
Suppose 2*u = 4*r - 150, -2*r + 0*r = 4*u - 50. Calculate the remainder when r is divided by 19.
16
Let o(g) = 3*g**2 + 2*g. Calculate the remainder when 62 is divided by o(-3).
20
What is the remainder when 106 is divided by 12/(-4)*-3*3?
25
Suppose 5*y = 49 + 6. Let t be ((-6)/9)/((-2)/27). Let v = 13 - t. Calculate the remainder when y is divided by v.
3
Suppose -2 = 2*x + 6. Let h be 24*x*1/(-2). What is the remainder when 29 is divided by h/5 - (-4)/10?
9
Suppose 5*i + 58 = u, 0*u + u - i = 38. Calculate the remainder when 62 is divided by u.
29
Suppose 5*i = 4 + 6. Suppose i*y + 18 = 5*y. Calculate the remainder when 16 is divided by y.
4
Let w = -17 + 16. Let v(n) = 6*n**2 + 3*n + 2. Calculate the remainder when 5 is divided by v(w).
0
Let t(n) = 2*n**2 + 12*n - 69. Let q(u) = u**3 - 4*u**2 - 5*u + 3. Calculate the remainder when t(4) is divided by q(5).
2
Suppose z = 3*z + 3*m - 16, 5*z - 4*m = 17. Let y = 35 - 22. What is the remainder when y is divided by z?
3
Let j = 35 - 11. Suppose -j = -2*v + 16. Calculate the remainder when v is divided by 7.
6
Let p(l) = -12*l - 6. Calculate the remainder when p(-2) is divided by 7.
4
Let q be (2 + 1)*4/6. Suppose 0 = 5*c, -3*c - 96 = -4*y + q*c. Suppose -4 - 61 = -5*d. Calculate the remainder when y is divided by d.
11
Suppose 2*n = 1 + 3. Suppose -2*q = -d - 25, 5*q + n*d - 4*d - 64 = 0. Let z = -17 - -43. Calculate the remainder when z is divided by q.
12
Let j(g) = -9*g - 23. Calculate the remainder when j(-10) is divided by 35.
32
Suppose -44 = -2*i - 2*i. Suppose 0 = -5*s + 4*u + 61, -3*u + u = -s + i. Let v = 48 - 23. Calculate the remainder when v is divided by s.
12
Let g = 22 + -9. Calculate the remainder when 64 is divided by g.
12
Suppose 5*a = 5*f + 25, 3*f - a = -2*a + 5. Suppose -b - 14 = 5*u, f*b - 43 = -3*b + 2*u. What is the remainder when (2 - 1)*(20 - -1) is divided by b?
10
Suppose -7 = -2*r - 3*b + 5, -3*r = -4*b - 1. Calculate the remainder when 9 is divided by r.
0
Let f(i) be the second derivative of i**3/3 - 9*i**2/2 + 2*i. What is the remainder when 40 is divided by f(10)?
7
Suppose 0 = 5*d + 20, -3*d = u + d + 4. Let k = 25 - u. Calculate the remainder when 25 is divided by k.
12
Let z be 2/6 + (-16)/3. Let q(d) = -d**3 - 3*d**2 + 3. Calculate the remainder when q(z) is divided by 14.
11
Let o(w) = 2*w**3 - 30*w**2 - w + 25. Suppose 8*z = 3*z + 85. Suppose 0*y + y - z = 0. Calculate the remainder when y is divided by o(15).
7
Suppose -4*p = -0*p - 36. Let w = 89 - 139. Calculate the remainder when w/2*(2 - 3) is divided by p.
7
Suppose -3*w = w - 96. Suppose -5*b = d - w, 0 = -2*d + b + 3*b + 6. Calculate the remainder when ((-12)/d)/(2/(-6)) is divided by 3.
1
Let x(b) = b**2 + 20*b - 30. Let l = -115 + 170. Calculate the remainder when l is divided by x(-22).
13
Suppose 4*q - 41 + 16 = -l, 0 = 2*q - l - 17. Let r = -29 - -41. Calculate the remainder when r is divided by q.
5
Let v(x) = 2 + x + 8 + 1 - x**3. Calculate the remainder when v(0) is divided by 6.
5
What is the remainder when -4*(4/(-6) + 472/(-48)) is divided by 5?
2
Suppose 310 = 5*q - 4*w, -5*w = 2*q + 3*q - 265. Let a = q - 8. Let k = -33 + a. Calculate the remainder when k is divided by 9.
8
Let q(j) be the second derivative of 2*j + 0 + 11/2*j**2 + 1/6*j**3. Calculate the remainder when q(0) is divided by 4.
3
Let l(x) = x**3 + 7*x**2 + 2. Let o be l(-7). Suppose -o*y + 2 = -2, -5*y = -j + 25. What is the remainder when j is divided by (55/20)/(-11) + (-98)/(-8)?
11
What is the remainder when 9 is divided by 5*(2 + 8/(-5))?
1
Let m(c) = -10*c - 52. Suppose 2*g - 60 = -p, g = 4*p - 0*g - 204. Calculate the remainder when p is divided by m(-7).
16
Let x(m) = m + 23. Let g = 26 + -14. Calculate the remainder when x(0) is divided by g.
11
Suppose 0 = 3*o, p - 3*o + 150 = 4*p. Calculate the remainder when p is divided by 13.
11
Let n(b) = b**3 + b**2 + b + 4. Let c(q) = -q + 5. Let o be c(5). Suppose -z = -o*z. What is the remainder when 6 is divided by n(z)?
2
Let y = 225 - 152. Calculate the remainder when y is divided by 16.
9
Suppose -129 = -8*z + 5*z. Calculate the remainder when z is divided by 15.
13
Let w(t) be the second derivative of 3*t**2 + 0 + 1/12*t**4 + 7/6*t**3 + t. Calculate the remainder when w(-7) is divided by 4.
2
Suppose 0 = 3*z - 8*z + 10. Let q be (3 - 1) + (-11)/(-1). Let b = 15 - q. What is the remainder when z is divided by b?
0
Let r(k) = -18*k - 4. Calculate the remainder when 51 is divided by r(-1).
9
Let a be (-52)/(-14) - 2/(-7). Let d = 16 - a. What is the remainder when (-2 + 2)/1 - -23 is divided by d?
11
Suppose 2*r = 4*r. Suppose x + 3 = -3*v, r = 3*x - v - 24 + 3. What is the remainder when 10 is divided by x?
4
Let p = -9 + 13. Suppose 4*f = 4*c + 26 - 2, 5*f - 30 = p*c. Suppose f + 3 = u. What is the remainder when 16 is divided by u?
7
Let l(q) = 33*q - 2. Let k be l(2). Let j = -14 + k. Let x = 12 - -1. Calculate the remainder when j is divided by x.
11
Suppose 6*w = w + 65. Suppose 0*m = 4*m + 292. Let s = -36 - m. Calculate the remainder when s is divided by w.
11
Let o be 3 - (-3 - (2 - 3)). Let w = o - -7. Calculate the remainder when 34 is divided by w.
10
Let l(p) = 2*p**2 - p - 3. Let v be l(3). Suppose 0*s + v = 4*s. Calculate the remainder when ((-11)/4)/((-2)/8) is divided by s.
2
Let w(s) = s + 3. Let k be w(0). Let v = k + 20. Calculate the remainder when 66 is divided by v.
20
Suppose 0 = -2*n - s + 264, -2*n + 7*n = -3*s + 658. Calculate the remainder when n is divided by 34.
32
Let d(v) = -v**2 - 6*v + 5. Let a be d(-6). Suppose j - 105 = -2*j + q, -a*j = 5*q - 155. What is the remainder when j is divided by 18?
16
Suppose 235 = 43*k - 38*k. Calculate the remainder when k is divided by 24.
23
Suppose -k - 12 = l + 2*k, 0 = 2*l - 4*k + 24. Let z be 4/(3/(66/4)). Let q = z + l. What is the remainder when 29 is divided by q?
9
Suppose -2*j = 10 - 46. Calculate the remainder when 70 is divided by j.
16
Let b be 0 + -1 - 1 - -106. Let g = 157 - b. Calculate the remainder when g is divided by 18.
17
Let o(c) = -5*c**3 + c + 1. Suppose 0*s - 2*s - 19 = 5*i, 8 = -s - 2*i. Let l = s - -4. Calculate the remainder when o(-1) is divided by l.
1
Suppose 0 = 2*h + a - 3*a, 4*h = -4*a + 16. Supp